{"id":218,"date":"2013-07-24T08:12:36","date_gmt":"2013-07-24T08:12:36","guid":{"rendered":"http:\/\/jellythemes.com\/themes\/candywp\/?page_id=2"},"modified":"2023-03-12T09:56:20","modified_gmt":"2023-03-12T08:56:20","slug":"sample-page-2","status":"publish","type":"page","link":"https:\/\/kattishundvard.se\/?page_id=218","title":{"rendered":"Om oss"},"content":{"rendered":"\n<figure class=\"wp-block-image size-large\"><a href=\"http:\/\/kattishundvard.se\/wp-content\/uploads\/2013\/10\/Kattis-0047.jpg\"><img loading=\"lazy\" decoding=\"async\" width=\"1024\" height=\"682\" src=\"http:\/\/kattishundvard.se\/wp-content\/uploads\/2013\/10\/Kattis-0047-1024x682.jpg\" alt=\"\" class=\"wp-image-5205\" srcset=\"https:\/\/kattishundvard.se\/wp-content\/uploads\/2013\/10\/Kattis-0047-1024x682.jpg 1024w, https:\/\/kattishundvard.se\/wp-content\/uploads\/2013\/10\/Kattis-0047-300x200.jpg 300w, https:\/\/kattishundvard.se\/wp-content\/uploads\/2013\/10\/Kattis-0047-1005x670.jpg 1005w, https:\/\/kattishundvard.se\/wp-content\/uploads\/2013\/10\/Kattis-0047-638x425.jpg 638w, https:\/\/kattishundvard.se\/wp-content\/uploads\/2013\/10\/Kattis-0047.jpg 1500w\" sizes=\"auto, (max-width: 1024px) 100vw, 1024px\" \/><\/a><\/figure>\n\n\n<h1>V\u00e4lkommen till Kattis Hundv\u00e5rd<\/h1>\n<p>Med 40 \u00e5rs samlad erfarenhet &amp; kunskap tar vi hand om din hund!<br \/>Hunddaagis, klippning, trimning, kloklippning och hundbad \u00e4r v\u00e5ra 5 arbetsomr\u00e5den.<\/p>\n<p>Vi str\u00e4var efter att ge dig och din hund en familj\u00e4r st\u00e4mning med trevlig och kunnig personal som bem\u00f6tande!<\/p>\n<h2>Hunddagis<\/h2>\n<p>Hunden \u00e4r m\u00e4nniskans b\u00e4sta v\u00e4n och f\u00f6r m\u00e5nga av oss \u00e4r det komplicerat att kombinera arbetsliv och v\u00e5ra k\u00e4ra husdjur. Vi p\u00e5 Kattis Hundv\u00e5rd har l\u00f6sningen. Vi har \u00f6ppet mellan kl 07.00 och 18.00 m\u00e5ndag-torsdag. P\u00e5 fredagar st\u00e4nger vi 17.30.<\/p>\n<p>De flesta hundarna kommer till oss mellan kl 07.00 och kl 10.00 men sj\u00e4lvklart f\u00e5r ni h\u00e4mta och l\u00e4mna s\u00e5 det passar er.<\/p>\n<p>Vi rastar er hund 2 g\u00e5nger om dagen. Promenaderna \u00e4r vanligtvis mellan 30 och 90 minuter. F\u00f6rmiddagspromenaderna b\u00f6rjar vid 10.00 och eftermiddagspromenaden vid 13.00.<\/p>\n<p>I lokalen har vi \u00f6ppna boxar d\u00e4r din hund har bra yta att r\u00f6ra sig p\u00e5. Inga hundar sitter ensamma och vi skolar noga in din hund f\u00f6r att se vart den passar b\u00e4st in.<\/p>\n<h2>Hundtrim<\/h2>\n<p>Det \u00e4r viktigt att klippa\/trimma sin hund med j\u00e4mna mellanrum f\u00f6r att slippa tovor och en ov\u00e5rdad p\u00e4ls.<\/p>\n<p>Kattis har under de senaste 40 \u00e5ren drivit Kattis Hundv\u00e5rd, i en stor och luftig klipphall har vi allt som beh\u00f6vs f\u00f6r att klippa och trimma din hund oberoende av storlek eller ras. Din hund badas i samband med klippning. Efter klipp och bad torkar vi din hund med varmbl\u00e5s s\u00e5 oavsett \u00e5rstid slipper din hund komma ut bl\u00f6t fr\u00e5n oss!<\/p>\n<h2>Kloklipp<\/h2>\n<p>Hundar har klor som v\u00e4xer snabbt och b\u00f6r klippas ofta s\u00e5 inte pulpan i klon v\u00e4xer ut f\u00f6r l\u00e5ngt. D\u00e5 vi ofta att g\u00f6ra ber vi er ringa f\u00f6r att boka tid.<\/p>\n<p>Det finns m\u00e5nga risker med att l\u00e5ta din hunds klor bli f\u00f6r l\u00e5nga.<\/p>\n<p>\u2013 Det kan g\u00f6ra ont<br \/>\u2013 Hunden kan f\u00e5 sv\u00e5rt att g\u00e5<br \/>\u2013 Om pulpan i klon v\u00e4xer l\u00e4ngre ut blir det sv\u00e5rare att f\u00e5 tillbaka den om man inte klipper ofta.<br \/>\u2013 Risken att bryta klon \u00f6kar vilket g\u00f6r v\u00e4ldigt ont<\/p>\n<p>Om pulpan v\u00e4xer ut f\u00f6r l\u00e5ngt kan det ta upp till 6 m\u00e5nader att f\u00e5 den att dra sig tillbaka genom att man klipper ytterst lite 1-2 g\u00e5nger i veckan.<\/p>\n<p>\u00c4ven om din hund inte tycker om att klippa klorna s\u00e5 hj\u00e4lper vi dig.<\/p>\n<p>Tveka inte att kontakta oss redan idag om du har fr\u00e5gor eller funderingar!<\/p>","protected":false},"excerpt":{"rendered":"<p>V\u00e4lkommen till Kattis Hundv\u00e5rd Med 40 \u00e5rs samlad erfarenhet &amp; kunskap tar vi hand om din hund!Hunddaagis, klippning, trimning, kloklippning och hundbad \u00e4r v\u00e5ra 5 arbetsomr\u00e5den. Vi str\u00e4var efter att ge dig och din hund en familj\u00e4r st\u00e4mning med trevlig &hellip; <a href=\"https:\/\/kattishundvard.se\/?page_id=218\">Forts\u00e4tt l\u00e4sa <span class=\"meta-nav\">&rarr;<\/span><\/a><\/p>\n","protected":false},"author":1,"featured_media":0,"parent":0,"menu_order":0,"comment_status":"closed","ping_status":"closed","template":"","meta":{"footnotes":""},"class_list":["post-218","page","type-page","status-publish","hentry"],"_links":{"self":[{"href":"https:\/\/kattishundvard.se\/index.php?rest_route=\/wp\/v2\/pages\/218","targetHints":{"allow":["GET"]}}],"collection":[{"href":"https:\/\/kattishundvard.se\/index.php?rest_route=\/wp\/v2\/pages"}],"about":[{"href":"https:\/\/kattishundvard.se\/index.php?rest_route=\/wp\/v2\/types\/page"}],"author":[{"embeddable":true,"href":"https:\/\/kattishundvard.se\/index.php?rest_route=\/wp\/v2\/users\/1"}],"replies":[{"embeddable":true,"href":"https:\/\/kattishundvard.se\/index.php?rest_route=%2Fwp%2Fv2%2Fcomments&post=218"}],"version-history":[{"count":20,"href":"https:\/\/kattishundvard.se\/index.php?rest_route=\/wp\/v2\/pages\/218\/revisions"}],"predecessor-version":[{"id":5334,"href":"https:\/\/kattishundvard.se\/index.php?rest_route=\/wp\/v2\/pages\/218\/revisions\/5334"}],"wp:attachment":[{"href":"https:\/\/kattishundvard.se\/index.php?rest_route=%2Fwp%2Fv2%2Fmedia&parent=218"}],"curies":[{"name":"wp","href":"https:\/\/api.w.org\/{rel}","templated":true}]}}